t is the units digit of i(d)?
3
Let v = 14991 + -8237. What is the thousands digit of v?
6
Let o be 12/60 + (-24)/(-5). Suppose -2*r = -o*x + 3*r + 1355, 0 = -4*r - 20. What is the units digit of x?
6
Suppose 1524 + 2736 = 6*b. Suppose 3*q - b = -o + 3*o, 5*q + o = 1205. What is the units digit of q?
0
Let f(o) = 2*o**2 + 9*o - 9. Suppose 38 + 2 = -8*y. Let p(r) = -3*r**2 - 10*r + 8. Let i(j) = y*f(j) - 4*p(j). What is the units digit of i(6)?
5
Let m(y) = -y + 14. Let r = 19 + -5. Let b be m(r). Let s(l) = l**3 + 8. What is the units digit of s(b)?
8
Let c(a) = a**3 + 13*a**2 + 23*a - 5. Let n be c(-10). Let i = n + 91. What is the units digit of i?
6
Suppose 228*r - 12*r - 30*r - 1740960 = 0. What is the tens digit of r?
6
Let i be 2/25 - (-5084760)/3000. Suppose 0 = -11*l + 8823 - i. What is the hundreds digit of l?
6
Suppose 0 = 2*d - 6, 711 = -5*a + a + 5*d. Suppose 0 = -117*t - 12845 + 58241. Let n = t + a. What is the tens digit of n?
1
Let c(n) = 2*n**3 + 5*n**2 + 5*n + 2. Let y be c(-2). What is the hundreds digit of y/1 + 13 + 226?
2
What is the hundreds digit of (-26)/8 + 3 + 11981469/372?
2
Suppose -2024 = -69*w - 5*w + 4488. Let f = -143 - -218. Let g = w - f. What is the units digit of g?
3
Suppose 5*v - 5*m - 6168 = 4947, -4*v = 5*m - 8910. Let q(h) = -h**2 + 6*h - 2. Let s be q(6). What is the tens digit of (s/(-6))/(-4 - v/(-555))?
3
Let n(k) = k**2 - 12*k + 12. Let y be 2/((-7)/(308/(-8))). Let v be n(y). What is the units digit of (-434)/42*(-1 + (-4 - v))?
2
Let i = -3 + 1. Let n(p) be the third derivative of -19*p**4/12 - p**3/6 + 1158*p**2. What is the units digit of n(i)?
5
Let w(h) = 5*h**2 - 40*h + 50. Let o(p) = 17*p**2 - 120*p + 149. Let m(y) = -2*o(y) + 7*w(y). What is the hundreds digit of m(43)?
1
Suppose -5*f + 2*m = -3933, -5*f - 5*m + 1138 = -2767. Let k = -399 + f. What is the hundreds digit of k?
3
Let w be (3 + -3 + -48)*22/(-8). Suppose -w = 34*u - 31*u. Let g = 52 + u. What is the units digit of g?
8
Let f(u) = 11*u - 167. Let j(r) = 2. Let a(m) = -f(m) - 3*j(m). What is the units digit of a(-32)?
3
Let d(w) = 2479*w + 145. What is the thousands digit of d(2)?
5
Let l = 750 + -530. Let g = 463 + l. What is the units digit of g?
3
Let g be ((-156)/9)/(28/(-210)). Let w = 38 - -238. Let m = w - g. What is the units digit of m?
6
Suppose -j + 0*j + 10724 = 2*h, 0 = h - 5*j - 5340. What is the thousands digit of h?
5
Let l be 340/(-35) + 2/(-7) - 4. Let u(t) = 3*t + 42. Let q be u(l). Suppose o + 4*z + z - 146 = q, -z = 2*o - 310. What is the hundreds digit of o?
1
Suppose -843*r + 266 = -850*r. Suppose 0*k = -3*k + 183. Let l = k + r. What is the units digit of l?
3
Suppose 5*k + 8*i - 11*i - 24001 = 0, 12 = 4*i. What is the units digit of k?
2
Suppose 0 = -3*v - 2*q - 7, -2*v + 25*q - 21*q = -22. Let c(h) = -h. Let i(u) = 58*u**2 - 4*u - 1. Let g(n) = -5*c(n) + i(n). What is the units digit of g(v)?
8
Let r(o) = -o**3 - 19*o**2 + 42*o - 8. Let u be r(-21). Let m be (-142)/u + (-1)/(-4). Suppose 3*a + m = 9*a. What is the units digit of a?
3
Let m be ((-399)/76)/((-6)/8). Let c be (20/m)/(3/21). Suppose c - 32 = -4*x. What is the units digit of x?
3
Suppose 3*r + 2*r = -5*o + 30015, -24007 = -4*r - 5*o. What is the tens digit of r?
0
Suppose p - 8948 = -o, -746*o + 8958 = p - 747*o. What is the thousands digit of p?
8
Let t(k) = -k**2 + 66 - 15 + 101 + k - 2*k. Suppose 41*u + 116*u = 21*u. What is the hundreds digit of t(u)?
1
Suppose 3 = 2*k - 4*q + 1, k - q = 2. Let h be 60 - (k + (-2 - -2)). Suppose 0 = -55*n + h*n - 336. What is the units digit of n?
8
Let i = -1472 + 201. Let j = -120 - i. What is the units digit of j?
1
Suppose 7*m = -119 - 385. What is the hundreds digit of 113/4*11 - 18/m?
3
Suppose 4*x + 0*x = -3*r + 10, 5 = 5*x. Suppose -f + 0*h + 2*h = -72, 0 = -r*h - 8. Let n = f + 26. What is the tens digit of n?
9
Suppose -7923*k + 5098028 = -7850*k. What is the ten thousands digit of k?
6
Suppose -4*k + k + 3*i = -3840, -4*k = -3*i - 5124. Let y = -911 + k. What is the hundreds digit of y?
3
What is the thousands digit of -1 - -13440 - (-30 - -17)?
3
Suppose -4*b + 4*f = -79120, -10*f - 79140 = -4*b - 11*f. What is the hundreds digit of b?
7
Suppose l + 460923 = 5*b, 3*l + 23370 - 392116 = -4*b. What is the hundreds digit of b?
1
Suppose 307*v + 3*a = 311*v - 124957, -v - a + 31234 = 0. What is the tens digit of v?
3
Let p(u) = 10*u**2 - 899*u - 192. What is the units digit of p(108)?
6
Suppose 12*g - 7*g - 40 = 0. Let r(u) = u**3 - 7*u**2 - 5*u + 2. Let s be r(g). Suppose 2*i + s = 4*d, 5 = -5*d - 6*i + i. What is the units digit of d?
4
Let i be 26/(5/((-10)/(-4))). Let c = i - 15. What is the units digit of 1480/14 + (c - 32/(-14))?
6
Let o(r) = r**2 + 9*r + 6. Let b be o(-3). Let w(v) = v**3 + 15*v**2 + 26*v - 14. What is the units digit of w(b)?
6
Suppose 5*l - 213112 = -d + 187541, -3*l = 3*d - 240387. What is the tens digit of l?
3
Let s(z) = 41*z + 65. Let k(v) = 14*v + 22. Let r(b) = -17*k(b) + 6*s(b). What is the units digit of r(2)?
2
Let v(z) be the second derivative of -19*z**3/2 - 4*z**2 - 6*z. Let n be v(-5). Suppose 4*f + n = 4*w - w, 0 = -5*f + 10. What is the tens digit of w?
9
Suppose 0*x - 7557 = -3*w - 3*x, -12580 = -5*w - 2*x. Suppose 0 = -10*i + w - 354. What is the hundreds digit of i?
2
Let b be (1 + -2)/1 - -6. Suppose -5*l + 1400 = b*h, -1401 = 4*l - 9*l - 4*h. Suppose 33 = -8*n + l. What is the tens digit of n?
3
Let n be (2 - 38)/(66/(-1936)). Suppose -9 = -3*q, 0 = 3*p - 4*q - n - 1395. What is the units digit of p?
1
Let s(z) = z**2 + 44*z + 1016. What is the hundreds digit of s(-24)?
5
Let k be (-36)/132 - (-120)/(-44). Let l = -13 + 11. What is the tens digit of 26/(-2)*(l - k)*-4?
5
Let f = 10 + -10. Let r be 0 - ((-2)/(-1) - f). What is the units digit of 4 - -1*(r + -1)?
1
Let z = 10 + -27. Let x = z + -14. Let i = x - -118. What is the tens digit of i?
8
What is the tens digit of ((-2)/(-2))/(3/12) - (-5806 + 171)?
3
Let w = 843 - 155. Let t = -528 + w. What is the tens digit of t?
6
Let d(o) = -8*o + 420. Let k be d(52). Suppose 3*g - 253 = k*a + 127, -3*g + 412 = 4*a. What is the tens digit of g?
3
Suppose -5*b = 4*g - 18, -2*g - 5 - 1 = -5*b. Let h(r) = 26 - 10 + 2*r**g - 10 + 3*r**2. What is the hundreds digit of h(-5)?
1
What is the hundreds digit of ((-60506)/8 + 1)*2488/(-933)?
1
Suppose 3*g + 542 = 5*a + 72, 5*g + 796 = 2*a. Let w = -96 - g. What is the tens digit of w?
6
Let x be (22/(-110))/(2/(-10))*-301. Let d = -109 - x. What is the units digit of d?
2
What is the tens digit of 0 - -18 - 389793/(-17)?
4
Let m(h) = 6*h**2 + 3*h - 13. Let q be m(6). Let l = q - 122. What is the units digit of l?
9
Let p be 2*(-2 + 18/3). Suppose 5*q - 11 = 4*u, -2*q - u + 8 - 1 = 0. Suppose q*l - p*l = -20. What is the units digit of l?
4
Let d be -12*(-39)/3 - (0 + -1). Suppose 11*m = 10*m + d. Let t = m - 97. What is the tens digit of t?
6
Let m = -43 - -43. Suppose -3*i - 5*i + 32 = m. Suppose 0 = 2*k + 5*w - 197, -i*k - 8*w + 389 = -3*w. What is the tens digit of k?
9
What is the hundreds digit of (6*(-6)/(-144))/(8 + 6626490/(-828312))?
5
Let h = 297 - 297. What is the tens digit of (2474 - 6)/4 - h?
1
Let h(o) be the first derivative of 146*o**2 + 12*o - 23. What is the units digit of h(6)?
4
Let g(n) = -n**3 - 4*n**2 + 19*n + 75. Let j be g(-8). Let q = j + 1216. What is the thousands digit of q?
1
Suppose 6*b - 5*b = -2*y + 1, 3*b + 19 = 5*y. Suppose j = y*z - 3*z + 166, -2*z = -3*j - 307. What is the hundreds digit of z?
1
Let b = -324 + 326. What is the tens digit of ((-80)/(-5))/b*(-147)/(-12)?
9
Let g be (2*-3)/(52/104). Let m(n) = 4*n + 2. Let s be m(-3). What is the hundreds digit of (-2788)/(-20) - (g/s)/(-2)?
1
Let w(g) = -13*g - 396. Let r(o) = -3*o - 99. Let l be 3/(-2)*(19 - 13). Let u(y) = l*r(y) + 2*w(y). What is the units digit of u(-17)?
2
Let w = 156 - 152. Suppose 0 = w*j - 16, 3*j - 5*j = 5*o - 1373. What is the units digit of o?
3
Suppose -6*w - 64 + 28 = 0. Let r be (-2498)/18 + -2 + w/27. Let q = 205 + r. What is the tens digit of q?
6
Suppose 5*r - 451 = r - 3*s, -560 = -5*r - 3*s. Suppose -4*y - 5*o - 32 + r = 0, -o = 4*y - 57. Let c(q) = 2*q**2 - 17*q + 6. What is the tens digit of c(y)?
2
Let r(b) be the third derivative of 21